{"version":"1.0","provider_name":"der goldene fisch","provider_url":"https:\/\/der-goldene-fisch.de\/ping","author_name":"Gerald Koll","author_url":"https:\/\/der-goldene-fisch.de\/ping\/author\/gerald667\/","title":"Das f\u00fcnfzigste Jahr (138) - der goldene fisch","type":"rich","width":600,"height":338,"html":"<blockquote class=\"wp-embedded-content\" data-secret=\"jQKtvWZJ6P\"><a href=\"https:\/\/der-goldene-fisch.de\/ping\/das-fuenfzigste-jahr-138\/\">Das f\u00fcnfzigste Jahr (138)<\/a><\/blockquote><iframe sandbox=\"allow-scripts\" security=\"restricted\" src=\"https:\/\/der-goldene-fisch.de\/ping\/das-fuenfzigste-jahr-138\/embed\/#?secret=jQKtvWZJ6P\" width=\"600\" height=\"338\" title=\"&#8222;Das f\u00fcnfzigste Jahr (138)&#8220; &#8212; der goldene fisch\" data-secret=\"jQKtvWZJ6P\" frameborder=\"0\" marginwidth=\"0\" marginheight=\"0\" scrolling=\"no\" class=\"wp-embedded-content\"><\/iframe><script type=\"text\/javascript\">\n\/* <![CDATA[ *\/\n\/*! This file is auto-generated *\/\n!function(d,l){\"use strict\";l.querySelector&&d.addEventListener&&\"undefined\"!=typeof URL&&(d.wp=d.wp||{},d.wp.receiveEmbedMessage||(d.wp.receiveEmbedMessage=function(e){var t=e.data;if((t||t.secret||t.message||t.value)&&!\/[^a-zA-Z0-9]\/.test(t.secret)){for(var s,r,n,a=l.querySelectorAll('iframe[data-secret=\"'+t.secret+'\"]'),o=l.querySelectorAll('blockquote[data-secret=\"'+t.secret+'\"]'),c=new RegExp(\"^https?:$\",\"i\"),i=0;i<o.length;i++)o[i].style.display=\"none\";for(i=0;i<a.length;i++)s=a[i],e.source===s.contentWindow&&(s.removeAttribute(\"style\"),\"height\"===t.message?(1e3<(r=parseInt(t.value,10))?r=1e3:~~r<200&&(r=200),s.height=r):\"link\"===t.message&&(r=new URL(s.getAttribute(\"src\")),n=new URL(t.value),c.test(n.protocol))&&n.host===r.host&&l.activeElement===s&&(d.top.location.href=t.value))}},d.addEventListener(\"message\",d.wp.receiveEmbedMessage,!1),l.addEventListener(\"DOMContentLoaded\",function(){for(var e,t,s=l.querySelectorAll(\"iframe.wp-embedded-content\"),r=0;r<s.length;r++)(t=(e=s[r]).getAttribute(\"data-secret\"))||(t=Math.random().toString(36).substring(2,12),e.src+=\"#?secret=\"+t,e.setAttribute(\"data-secret\",t)),e.contentWindow.postMessage({message:\"ready\",secret:t},\"*\")},!1)))}(window,document);\n\/* ]]> *\/\n<\/script>\n","description":"28. Januar 2016, ein Donnerstag Anl\u00e4sslich der Befreiung des Konzentrationslagers Auschwitz liefen gestern einige Dokumentationen im Fernsehen. Trotz der absto\u00dfenden Gem\u00fctlichkeit, in die die Gr\u00e4sslichkeit gebettet wurde, seit man f\u00fcr sie eine verl\u00e4ssliche Sprache gefunden hat (siehe das Klischee des Einfahrtgrauens: Kamera auf Schienen legen und langsam in Frontaltotale auf das Turm-Portal des Lagers zufahren [&hellip;]"}

Das fünfzigste Jahr (138) - der goldene fisch

<blockquote class="wp-embedded-content" data-secret="jQKtvWZJ6P"><a href="https://der-goldene-fisch.de/ping/das-fuenfzigste-jahr-138/">Das fünfzigste Jahr (138)</a></blockquote><iframe sandbox="allow-scripts" security="restricted" src="https://der-goldene-fisch.de/ping/das-fuenfzigste-jahr-138/embed/#?secret=jQKtvWZJ6P" width="600" height="338" title="&#8222;Das fünfzigste Jahr (138)&#8220; &#8212; der goldene fisch" data-secret="jQKtvWZJ6P" frameborder="0" marginwidth="0" marginheight="0" scrolling="no" class="wp-embedded-content"></iframe><script type="text/javascript">
/* <![CDATA[ */
/*! This file is auto-generated */
!function(d,l){"use strict";l.querySelector&&d.addEventListener&&"undefined"!=typeof URL&&(d.wp=d.wp||{},d.wp.receiveEmbedMessage||(d.wp.receiveEmbedMessage=function(e){var t=e.data;if((t||t.secret||t.message||t.value)&&!/[^a-zA-Z0-9]/.test(t.secret)){for(var s,r,n,a=l.querySelectorAll('iframe[data-secret="'+t.secret+'"]'),o=l.querySelectorAll('blockquote[data-secret="'+t.secret+'"]'),c=new RegExp("^https?:$","i"),i=0;i<o.length;i++)o[i].style.display="none";for(i=0;i<a.length;i++)s=a[i],e.source===s.contentWindow&&(s.removeAttribute("style"),"height"===t.message?(1e3<(r=parseInt(t.value,10))?r=1e3:~~r<200&&(r=200),s.height=r):"link"===t.message&&(r=new URL(s.getAttribute("src")),n=new URL(t.value),c.test(n.protocol))&&n.host===r.host&&l.activeElement===s&&(d.top.location.href=t.value))}},d.addEventListener("message",d.wp.receiveEmbedMessage,!1),l.addEventListener("DOMContentLoaded",function(){for(var e,t,s=l.querySelectorAll("iframe.wp-embedded-content"),r=0;r<s.length;r++)(t=(e=s[r]).getAttribute("data-secret"))||(t=Math.random().toString(36).substring(2,12),e.src+="#?secret="+t,e.setAttribute("data-secret",t)),e.contentWindow.postMessage({message:"ready",secret:t},"*")},!1)))}(window,document);
/* ]]> */
</script>

28. Januar 2016, ein Donnerstag Anlässlich der Befreiung des Konzentrationslagers Auschwitz liefen gestern einige Dokumentationen im Fernsehen. Trotz der abstoßenden Gemütlichkeit, in die die Grässlichkeit gebettet wurde, seit man für sie eine verlässliche Sprache gefunden hat (siehe das Klischee des Einfahrtgrauens: Kamera auf Schienen legen und langsam in Frontaltotale auf das Turm-Portal des Lagers zufahren [&hellip;]
