{"version":"1.0","provider_name":"der goldene fisch","provider_url":"https:\/\/der-goldene-fisch.de\/ping","author_name":"Christian Lorenz M\u00fcller","author_url":"https:\/\/der-goldene-fisch.de\/ping\/author\/christian1024\/","title":"GEDENKRAUM IN USCHHOROD (Transkarpatien, 2019) - der goldene fisch","type":"rich","width":600,"height":338,"html":"<blockquote class=\"wp-embedded-content\" data-secret=\"Iz4Rs51eEM\"><a href=\"https:\/\/der-goldene-fisch.de\/ping\/gedenkraum-in-uschhorod-transkarpatien-2019\/\">GEDENKRAUM IN USCHHOROD (Transkarpatien, 2019)<\/a><\/blockquote><iframe sandbox=\"allow-scripts\" security=\"restricted\" src=\"https:\/\/der-goldene-fisch.de\/ping\/gedenkraum-in-uschhorod-transkarpatien-2019\/embed\/#?secret=Iz4Rs51eEM\" width=\"600\" height=\"338\" title=\"&#8222;GEDENKRAUM IN USCHHOROD (Transkarpatien, 2019)&#8220; &#8212; der goldene fisch\" data-secret=\"Iz4Rs51eEM\" frameborder=\"0\" marginwidth=\"0\" marginheight=\"0\" scrolling=\"no\" class=\"wp-embedded-content\"><\/iframe><script type=\"text\/javascript\">\n\/* <![CDATA[ *\/\n\/*! This file is auto-generated *\/\n!function(d,l){\"use strict\";l.querySelector&&d.addEventListener&&\"undefined\"!=typeof URL&&(d.wp=d.wp||{},d.wp.receiveEmbedMessage||(d.wp.receiveEmbedMessage=function(e){var t=e.data;if((t||t.secret||t.message||t.value)&&!\/[^a-zA-Z0-9]\/.test(t.secret)){for(var s,r,n,a=l.querySelectorAll('iframe[data-secret=\"'+t.secret+'\"]'),o=l.querySelectorAll('blockquote[data-secret=\"'+t.secret+'\"]'),c=new RegExp(\"^https?:$\",\"i\"),i=0;i<o.length;i++)o[i].style.display=\"none\";for(i=0;i<a.length;i++)s=a[i],e.source===s.contentWindow&&(s.removeAttribute(\"style\"),\"height\"===t.message?(1e3<(r=parseInt(t.value,10))?r=1e3:~~r<200&&(r=200),s.height=r):\"link\"===t.message&&(r=new URL(s.getAttribute(\"src\")),n=new URL(t.value),c.test(n.protocol))&&n.host===r.host&&l.activeElement===s&&(d.top.location.href=t.value))}},d.addEventListener(\"message\",d.wp.receiveEmbedMessage,!1),l.addEventListener(\"DOMContentLoaded\",function(){for(var e,t,s=l.querySelectorAll(\"iframe.wp-embedded-content\"),r=0;r<s.length;r++)(t=(e=s[r]).getAttribute(\"data-secret\"))||(t=Math.random().toString(36).substring(2,12),e.src+=\"#?secret=\"+t,e.setAttribute(\"data-secret\",t)),e.contentWindow.postMessage({message:\"ready\",secret:t},\"*\")},!1)))}(window,document);\n\/* ]]> *\/\n<\/script>\n","description":"\u00dcberall die alten Ikonen vom Euro-Maidan, ins Gelb der ukrainischen Fahnen getauchte Zeit der M\u00e4rtyrer und Eremiten die bei Frost und Schnee wochenlang in Zelten und H\u00fctten hausten, geschieden von der Welt durch eine Barrikade aus Eis und Autoreifen, unersch\u00fctterlich in ihrem Glauben an Europa oder in ihrem Hass auf Janukwytsch, und gleich daneben die [&hellip;]"}

Christian Lorenz Müller

Überall die alten Ikonen vom Euro-Maidan, ins Gelb der ukrainischen Fahnen getauchte Zeit der Märtyrer und Eremiten die bei Frost und Schnee wochenlang in Zelten und Hütten hausten, geschieden von der Welt durch eine Barrikade aus Eis und Autoreifen, unerschütterlich in ihrem Glauben an Europa oder in ihrem Hass auf Janukwytsch, und gleich daneben die [&hellip;]
