{"id":215,"date":"2009-02-13T22:04:01","date_gmt":"2009-02-13T21:04:01","guid":{"rendered":"http:\/\/der-goldene-fisch.de\/ping\/?page_id=215"},"modified":"2017-10-11T14:12:39","modified_gmt":"2017-10-11T13:12:39","slug":"hans-thill","status":"publish","type":"page","link":"https:\/\/der-goldene-fisch.de\/ping\/hans-thill\/","title":{"rendered":"Hans Thill"},"content":{"rendered":"<p><img loading=\"lazy\" decoding=\"async\" src=\"http:\/\/der-goldene-fisch.de\/ping\/wp-content\/2009\/02\/hansthill.gif\" alt=\"hansthill\" title=\"hansthill\" width=\"499\" height=\"349\" class=\"alignnone size-full wp-image-218\" srcset=\"https:\/\/der-goldene-fisch.de\/ping\/wp-content\/2009\/02\/hansthill.gif 499w, https:\/\/der-goldene-fisch.de\/ping\/wp-content\/2009\/02\/hansthill-300x209.gif 300w\" sizes=\"auto, (max-width: 499px) 100vw, 499px\" \/><\/p>\n<p>Foto:Ute Schendel<\/p>\n<p>*1954 in Baden-Baden, lebt in Heidelberg. Mitbegr\u00fcnder des Verlags Das Wunderhorn. Verlegerische T\u00e4tigkeit bis 2010. Zahlreiche \u00dcbersetzungen aus dem Franz\u00f6sischen (u. a. F\u00e9n\u00e9on, Apollinaire, Soupault, Queneau, Meddeb). Herausgeber (zus. mit Michael Braun) der Anthologien: Punktzeit. Deutschsprachige Lyrik der achtziger Jahre, Heidelberg 1987; Das verlorene Alphabet. Deutschsprachige Lyrik der neunziger Jahre, Heidelberg 1998; Lied aus reinem Nichts. Deutschsprachige Lyrik des neuen Jahrtausends. Einige Gedichtb\u00e4nde: Zivile Ziele, Heidelberg 1995; K\u00fchle Religionen, Heidelberg 2003 (hierf\u00fcr Peter-Huchel-Preis 2004); Museum der Ungeduld, Heidelberg 2010; Ratgeber f\u00fcr Zeugleute, Berlin und Rettenegg 2015; In Riso \/ der d\u00fcnne Vogel Bin \/ k\u00e4lter als Dunlop, Schupfart 2016. Prosa: Das Buch der D\u00f6rfer, Berlin 2015. Herausgeber zahlreicher Anthologien internationaler Lyrik: Leb wohl, lila Sommer. Gedichte aus Ru\u00dfland (zus. mit Gregor Laschen). Wozu V\u00f6gel, B\u00fccher, Jazz? Gedichte aus England. Vorw\u00e4rts, ihr Kampfschildkr\u00f6ten! Gedichte aus der Ukraine \u2026 zuletzt: Storch im Schnee. Gedichte aus Serbien. Seit 2010 Leiter des K\u00fcnstlerhauses Edenkoben.<\/p>\n","protected":false},"excerpt":{"rendered":"<p>Foto:Ute Schendel *1954 in Baden-Baden, lebt in Heidelberg. Mitbegr\u00fcnder des Verlags Das Wunderhorn. Verlegerische T\u00e4tigkeit bis 2010. Zahlreiche \u00dcbersetzungen aus dem Franz\u00f6sischen (u. a. F\u00e9n\u00e9on, Apollinaire, Soupault, Queneau, Meddeb). Herausgeber (zus. mit Michael Braun) der Anthologien: Punktzeit. Deutschsprachige Lyrik der achtziger Jahre, Heidelberg 1987; Das verlorene Alphabet. Deutschsprachige Lyrik der neunziger Jahre, Heidelberg 1998; Lied [&hellip;]<\/p>\n","protected":false},"author":1,"featured_media":0,"parent":0,"menu_order":0,"comment_status":"open","ping_status":"open","template":"page2.php","meta":{"jetpack_post_was_ever_published":false,"footnotes":""},"class_list":["post-215","page","type-page","status-publish","hentry"],"yoast_head":"<!-- This site is optimized with the Yoast SEO plugin v24.0 - https:\/\/yoast.com\/wordpress\/plugins\/seo\/ -->\n<title>Hans Thill - der goldene fisch<\/title>\n<meta name=\"robots\" content=\"index, follow, max-snippet:-1, max-image-preview:large, max-video-preview:-1\" \/>\n<link rel=\"canonical\" href=\"https:\/\/der-goldene-fisch.de\/ping\/hans-thill\/\" \/>\n<meta property=\"og:locale\" content=\"de_DE\" \/>\n<meta property=\"og:type\" content=\"article\" \/>\n<meta property=\"og:title\" content=\"Hans Thill - der goldene fisch\" \/>\n<meta property=\"og:description\" content=\"Foto:Ute Schendel *1954 in Baden-Baden, lebt in Heidelberg. Mitbegr\u00fcnder des Verlags Das Wunderhorn. Verlegerische T\u00e4tigkeit bis 2010. Zahlreiche \u00dcbersetzungen aus dem Franz\u00f6sischen (u. a. F\u00e9n\u00e9on, Apollinaire, Soupault, Queneau, Meddeb). Herausgeber (zus. mit Michael Braun) der Anthologien: Punktzeit. Deutschsprachige Lyrik der achtziger Jahre, Heidelberg 1987; Das verlorene Alphabet. Deutschsprachige Lyrik der neunziger Jahre, Heidelberg 1998; Lied [&hellip;]\" \/>\n<meta property=\"og:url\" content=\"https:\/\/der-goldene-fisch.de\/ping\/hans-thill\/\" \/>\n<meta property=\"og:site_name\" content=\"der goldene fisch\" \/>\n<meta property=\"article:modified_time\" content=\"2017-10-11T13:12:39+00:00\" \/>\n<meta property=\"og:image\" content=\"http:\/\/der-goldene-fisch.de\/ping\/wp-content\/2009\/02\/hansthill.gif\" \/>\n<meta name=\"twitter:card\" content=\"summary_large_image\" \/>\n<meta name=\"twitter:label1\" content=\"Gesch\u00e4tzte Lesezeit\" \/>\n\t<meta name=\"twitter:data1\" content=\"1 Minute\" \/>\n<script type=\"application\/ld+json\" class=\"yoast-schema-graph\">{\"@context\":\"https:\/\/schema.org\",\"@graph\":[{\"@type\":\"WebPage\",\"@id\":\"https:\/\/der-goldene-fisch.de\/ping\/hans-thill\/\",\"url\":\"https:\/\/der-goldene-fisch.de\/ping\/hans-thill\/\",\"name\":\"Hans Thill - der goldene fisch\",\"isPartOf\":{\"@id\":\"https:\/\/der-goldene-fisch.de\/ping\/#website\"},\"primaryImageOfPage\":{\"@id\":\"https:\/\/der-goldene-fisch.de\/ping\/hans-thill\/#primaryimage\"},\"image\":{\"@id\":\"https:\/\/der-goldene-fisch.de\/ping\/hans-thill\/#primaryimage\"},\"thumbnailUrl\":\"http:\/\/der-goldene-fisch.de\/ping\/wp-content\/2009\/02\/hansthill.gif\",\"datePublished\":\"2009-02-13T21:04:01+00:00\",\"dateModified\":\"2017-10-11T13:12:39+00:00\",\"breadcrumb\":{\"@id\":\"https:\/\/der-goldene-fisch.de\/ping\/hans-thill\/#breadcrumb\"},\"inLanguage\":\"de\",\"potentialAction\":[{\"@type\":\"ReadAction\",\"target\":[\"https:\/\/der-goldene-fisch.de\/ping\/hans-thill\/\"]}]},{\"@type\":\"ImageObject\",\"inLanguage\":\"de\",\"@id\":\"https:\/\/der-goldene-fisch.de\/ping\/hans-thill\/#primaryimage\",\"url\":\"https:\/\/der-goldene-fisch.de\/ping\/wp-content\/2009\/02\/hansthill.gif\",\"contentUrl\":\"https:\/\/der-goldene-fisch.de\/ping\/wp-content\/2009\/02\/hansthill.gif\",\"width\":\"499\",\"height\":\"349\"},{\"@type\":\"BreadcrumbList\",\"@id\":\"https:\/\/der-goldene-fisch.de\/ping\/hans-thill\/#breadcrumb\",\"itemListElement\":[{\"@type\":\"ListItem\",\"position\":1,\"name\":\"Startseite\",\"item\":\"https:\/\/der-goldene-fisch.de\/ping\/\"},{\"@type\":\"ListItem\",\"position\":2,\"name\":\"Hans Thill\"}]},{\"@type\":\"WebSite\",\"@id\":\"https:\/\/der-goldene-fisch.de\/ping\/#website\",\"url\":\"https:\/\/der-goldene-fisch.de\/ping\/\",\"name\":\"der goldene fisch\",\"description\":\"\",\"publisher\":{\"@id\":\"https:\/\/der-goldene-fisch.de\/ping\/#\/schema\/person\/c415140d7348926844a49b29cc105aa4\"},\"potentialAction\":[{\"@type\":\"SearchAction\",\"target\":{\"@type\":\"EntryPoint\",\"urlTemplate\":\"https:\/\/der-goldene-fisch.de\/ping\/?s={search_term_string}\"},\"query-input\":{\"@type\":\"PropertyValueSpecification\",\"valueRequired\":true,\"valueName\":\"search_term_string\"}}],\"inLanguage\":\"de\"},{\"@type\":[\"Person\",\"Organization\"],\"@id\":\"https:\/\/der-goldene-fisch.de\/ping\/#\/schema\/person\/c415140d7348926844a49b29cc105aa4\",\"name\":\"Andreas Louis Seyerlein\",\"image\":{\"@type\":\"ImageObject\",\"inLanguage\":\"de\",\"@id\":\"https:\/\/der-goldene-fisch.de\/ping\/#\/schema\/person\/image\/\",\"url\":\"https:\/\/secure.gravatar.com\/avatar\/d233a6eb5d99a83abb911b2d89ddf42e?s=96&d=mm&r=g\",\"contentUrl\":\"https:\/\/secure.gravatar.com\/avatar\/d233a6eb5d99a83abb911b2d89ddf42e?s=96&d=mm&r=g\",\"caption\":\"Andreas Louis Seyerlein\"},\"logo\":{\"@id\":\"https:\/\/der-goldene-fisch.de\/ping\/#\/schema\/person\/image\/\"},\"sameAs\":[\"http:\/\/\"]}]}<\/script>\n<!-- \/ Yoast SEO plugin. -->","yoast_head_json":{"title":"Hans Thill - der goldene fisch","robots":{"index":"index","follow":"follow","max-snippet":"max-snippet:-1","max-image-preview":"max-image-preview:large","max-video-preview":"max-video-preview:-1"},"canonical":"https:\/\/der-goldene-fisch.de\/ping\/hans-thill\/","og_locale":"de_DE","og_type":"article","og_title":"Hans Thill - der goldene fisch","og_description":"Foto:Ute Schendel *1954 in Baden-Baden, lebt in Heidelberg. Mitbegr\u00fcnder des Verlags Das Wunderhorn. Verlegerische T\u00e4tigkeit bis 2010. Zahlreiche \u00dcbersetzungen aus dem Franz\u00f6sischen (u. a. F\u00e9n\u00e9on, Apollinaire, Soupault, Queneau, Meddeb). Herausgeber (zus. mit Michael Braun) der Anthologien: Punktzeit. Deutschsprachige Lyrik der achtziger Jahre, Heidelberg 1987; Das verlorene Alphabet. Deutschsprachige Lyrik der neunziger Jahre, Heidelberg 1998; Lied [&hellip;]","og_url":"https:\/\/der-goldene-fisch.de\/ping\/hans-thill\/","og_site_name":"der goldene fisch","article_modified_time":"2017-10-11T13:12:39+00:00","og_image":[{"url":"http:\/\/der-goldene-fisch.de\/ping\/wp-content\/2009\/02\/hansthill.gif","type":"","width":"","height":""}],"twitter_card":"summary_large_image","twitter_misc":{"Gesch\u00e4tzte Lesezeit":"1 Minute"},"schema":{"@context":"https:\/\/schema.org","@graph":[{"@type":"WebPage","@id":"https:\/\/der-goldene-fisch.de\/ping\/hans-thill\/","url":"https:\/\/der-goldene-fisch.de\/ping\/hans-thill\/","name":"Hans Thill - der goldene fisch","isPartOf":{"@id":"https:\/\/der-goldene-fisch.de\/ping\/#website"},"primaryImageOfPage":{"@id":"https:\/\/der-goldene-fisch.de\/ping\/hans-thill\/#primaryimage"},"image":{"@id":"https:\/\/der-goldene-fisch.de\/ping\/hans-thill\/#primaryimage"},"thumbnailUrl":"http:\/\/der-goldene-fisch.de\/ping\/wp-content\/2009\/02\/hansthill.gif","datePublished":"2009-02-13T21:04:01+00:00","dateModified":"2017-10-11T13:12:39+00:00","breadcrumb":{"@id":"https:\/\/der-goldene-fisch.de\/ping\/hans-thill\/#breadcrumb"},"inLanguage":"de","potentialAction":[{"@type":"ReadAction","target":["https:\/\/der-goldene-fisch.de\/ping\/hans-thill\/"]}]},{"@type":"ImageObject","inLanguage":"de","@id":"https:\/\/der-goldene-fisch.de\/ping\/hans-thill\/#primaryimage","url":"https:\/\/der-goldene-fisch.de\/ping\/wp-content\/2009\/02\/hansthill.gif","contentUrl":"https:\/\/der-goldene-fisch.de\/ping\/wp-content\/2009\/02\/hansthill.gif","width":"499","height":"349"},{"@type":"BreadcrumbList","@id":"https:\/\/der-goldene-fisch.de\/ping\/hans-thill\/#breadcrumb","itemListElement":[{"@type":"ListItem","position":1,"name":"Startseite","item":"https:\/\/der-goldene-fisch.de\/ping\/"},{"@type":"ListItem","position":2,"name":"Hans Thill"}]},{"@type":"WebSite","@id":"https:\/\/der-goldene-fisch.de\/ping\/#website","url":"https:\/\/der-goldene-fisch.de\/ping\/","name":"der goldene fisch","description":"","publisher":{"@id":"https:\/\/der-goldene-fisch.de\/ping\/#\/schema\/person\/c415140d7348926844a49b29cc105aa4"},"potentialAction":[{"@type":"SearchAction","target":{"@type":"EntryPoint","urlTemplate":"https:\/\/der-goldene-fisch.de\/ping\/?s={search_term_string}"},"query-input":{"@type":"PropertyValueSpecification","valueRequired":true,"valueName":"search_term_string"}}],"inLanguage":"de"},{"@type":["Person","Organization"],"@id":"https:\/\/der-goldene-fisch.de\/ping\/#\/schema\/person\/c415140d7348926844a49b29cc105aa4","name":"Andreas Louis Seyerlein","image":{"@type":"ImageObject","inLanguage":"de","@id":"https:\/\/der-goldene-fisch.de\/ping\/#\/schema\/person\/image\/","url":"https:\/\/secure.gravatar.com\/avatar\/d233a6eb5d99a83abb911b2d89ddf42e?s=96&d=mm&r=g","contentUrl":"https:\/\/secure.gravatar.com\/avatar\/d233a6eb5d99a83abb911b2d89ddf42e?s=96&d=mm&r=g","caption":"Andreas Louis Seyerlein"},"logo":{"@id":"https:\/\/der-goldene-fisch.de\/ping\/#\/schema\/person\/image\/"},"sameAs":["http:\/\/"]}]}},"jetpack_sharing_enabled":true,"jetpack_shortlink":"https:\/\/wp.me\/PxsFY-3t","_links":{"self":[{"href":"https:\/\/der-goldene-fisch.de\/ping\/wp-json\/wp\/v2\/pages\/215","targetHints":{"allow":["GET"]}}],"collection":[{"href":"https:\/\/der-goldene-fisch.de\/ping\/wp-json\/wp\/v2\/pages"}],"about":[{"href":"https:\/\/der-goldene-fisch.de\/ping\/wp-json\/wp\/v2\/types\/page"}],"author":[{"embeddable":true,"href":"https:\/\/der-goldene-fisch.de\/ping\/wp-json\/wp\/v2\/users\/1"}],"replies":[{"embeddable":true,"href":"https:\/\/der-goldene-fisch.de\/ping\/wp-json\/wp\/v2\/comments?post=215"}],"version-history":[{"count":0,"href":"https:\/\/der-goldene-fisch.de\/ping\/wp-json\/wp\/v2\/pages\/215\/revisions"}],"wp:attachment":[{"href":"https:\/\/der-goldene-fisch.de\/ping\/wp-json\/wp\/v2\/media?parent=215"}],"curies":[{"name":"wp","href":"https:\/\/api.w.org\/{rel}","templated":true}]}}