{"id":7715,"date":"2014-08-13T17:19:26","date_gmt":"2014-08-13T16:19:26","guid":{"rendered":"http:\/\/der-goldene-fisch.de\/ping"},"modified":"2014-08-13T17:19:26","modified_gmt":"2014-08-13T16:19:26","slug":"claudia-gabler","status":"publish","type":"page","link":"https:\/\/der-goldene-fisch.de\/ping\/claudia-gabler\/","title":{"rendered":"Claudia Gabler"},"content":{"rendered":"<p><a href=\"http:\/\/der-goldene-fisch.de\/ping\/wp-content\/2014\/08\/claudia.jpg\"><img loading=\"lazy\" decoding=\"async\" class=\"alignleft size-full wp-image-7716\" title=\"claudia\" src=\"http:\/\/der-goldene-fisch.de\/ping\/wp-content\/2014\/08\/claudia.jpg\" alt=\"\" width=\"300\" height=\"400\" srcset=\"https:\/\/der-goldene-fisch.de\/ping\/wp-content\/2014\/08\/claudia.jpg 300w, https:\/\/der-goldene-fisch.de\/ping\/wp-content\/2014\/08\/claudia-225x300.jpg 225w\" sizes=\"auto, (max-width: 300px) 100vw, 300px\" \/><\/a><\/p>\n<p style=\"text-align: left;\">geboren 1970 in L\u00f6rrach, wohnt dort.<\/p>\n<p style=\"text-align: left;\">Studium der Publizistik und Theaterwissenschaft in Berlin. Autorin von Lyrik, H\u00f6rspielen und St\u00fccken.<\/p>\n<p style=\"text-align: left;\">Diverse Auszeichnungen, unter anderem Grimmelshausen-F\u00f6rderpreis, Literatur-Landesstipendium Baden-W\u00fcrttemberg.<\/p>\n<p style=\"text-align: left;\">2008: \u201eDIE KLEINEN RAUBTIERE UNTER IHREM PELZ\u201c (Gedichte, Rimbaud Verlag, Aachen).<\/p>\n<p style=\"text-align: left;\">2015: WOHLSTANDSHASEN (AT), (Gedichte, EDITION VOSS \/ HORLEMANN, Berlin).<\/p>\n<p style=\"text-align: left;\">Zuletzt: DU, CRISIS (12 Kurzh\u00f6rspiele Deutschlandradio Kultur, 2012) und<\/p>\n<p style=\"text-align: left;\">THE LAST SUPPER (H\u00f6rspiel SWR, 2013).<\/p>\n","protected":false},"excerpt":{"rendered":"<p>geboren 1970 in L\u00f6rrach, wohnt dort. Studium der Publizistik und Theaterwissenschaft in Berlin. Autorin von Lyrik, H\u00f6rspielen und St\u00fccken. Diverse Auszeichnungen, unter anderem Grimmelshausen-F\u00f6rderpreis, Literatur-Landesstipendium Baden-W\u00fcrttemberg. 2008: \u201eDIE KLEINEN RAUBTIERE UNTER IHREM PELZ\u201c (Gedichte, Rimbaud Verlag, Aachen). 2015: WOHLSTANDSHASEN (AT), (Gedichte, EDITION VOSS \/ HORLEMANN, Berlin). Zuletzt: DU, CRISIS (12 Kurzh\u00f6rspiele Deutschlandradio Kultur, 2012) und [&hellip;]<\/p>\n","protected":false},"author":1,"featured_media":0,"parent":0,"menu_order":0,"comment_status":"open","ping_status":"open","template":"page2.php","meta":{"jetpack_post_was_ever_published":false,"footnotes":""},"class_list":["post-7715","page","type-page","status-publish","hentry"],"yoast_head":"<!-- This site is optimized with the Yoast SEO plugin v24.0 - https:\/\/yoast.com\/wordpress\/plugins\/seo\/ -->\n<title>Claudia Gabler - der goldene fisch<\/title>\n<meta name=\"robots\" content=\"index, follow, max-snippet:-1, max-image-preview:large, max-video-preview:-1\" \/>\n<link rel=\"canonical\" href=\"https:\/\/der-goldene-fisch.de\/ping\/claudia-gabler\/\" \/>\n<meta property=\"og:locale\" content=\"de_DE\" \/>\n<meta property=\"og:type\" content=\"article\" \/>\n<meta property=\"og:title\" content=\"Claudia Gabler - der goldene fisch\" \/>\n<meta property=\"og:description\" content=\"geboren 1970 in L\u00f6rrach, wohnt dort. Studium der Publizistik und Theaterwissenschaft in Berlin. Autorin von Lyrik, H\u00f6rspielen und St\u00fccken. Diverse Auszeichnungen, unter anderem Grimmelshausen-F\u00f6rderpreis, Literatur-Landesstipendium Baden-W\u00fcrttemberg. 2008: \u201eDIE KLEINEN RAUBTIERE UNTER IHREM PELZ\u201c (Gedichte, Rimbaud Verlag, Aachen). 2015: WOHLSTANDSHASEN (AT), (Gedichte, EDITION VOSS \/ HORLEMANN, Berlin). Zuletzt: DU, CRISIS (12 Kurzh\u00f6rspiele Deutschlandradio Kultur, 2012) und [&hellip;]\" \/>\n<meta property=\"og:url\" content=\"https:\/\/der-goldene-fisch.de\/ping\/claudia-gabler\/\" \/>\n<meta property=\"og:site_name\" content=\"der goldene fisch\" \/>\n<meta property=\"og:image\" content=\"http:\/\/der-goldene-fisch.de\/ping\/wp-content\/2014\/08\/claudia.jpg\" \/>\n<meta name=\"twitter:card\" content=\"summary_large_image\" \/>\n<script type=\"application\/ld+json\" class=\"yoast-schema-graph\">{\"@context\":\"https:\/\/schema.org\",\"@graph\":[{\"@type\":\"WebPage\",\"@id\":\"https:\/\/der-goldene-fisch.de\/ping\/claudia-gabler\/\",\"url\":\"https:\/\/der-goldene-fisch.de\/ping\/claudia-gabler\/\",\"name\":\"Claudia Gabler - der goldene fisch\",\"isPartOf\":{\"@id\":\"https:\/\/der-goldene-fisch.de\/ping\/#website\"},\"primaryImageOfPage\":{\"@id\":\"https:\/\/der-goldene-fisch.de\/ping\/claudia-gabler\/#primaryimage\"},\"image\":{\"@id\":\"https:\/\/der-goldene-fisch.de\/ping\/claudia-gabler\/#primaryimage\"},\"thumbnailUrl\":\"http:\/\/der-goldene-fisch.de\/ping\/wp-content\/2014\/08\/claudia.jpg\",\"datePublished\":\"2014-08-13T16:19:26+00:00\",\"dateModified\":\"2014-08-13T16:19:26+00:00\",\"breadcrumb\":{\"@id\":\"https:\/\/der-goldene-fisch.de\/ping\/claudia-gabler\/#breadcrumb\"},\"inLanguage\":\"de\",\"potentialAction\":[{\"@type\":\"ReadAction\",\"target\":[\"https:\/\/der-goldene-fisch.de\/ping\/claudia-gabler\/\"]}]},{\"@type\":\"ImageObject\",\"inLanguage\":\"de\",\"@id\":\"https:\/\/der-goldene-fisch.de\/ping\/claudia-gabler\/#primaryimage\",\"url\":\"http:\/\/der-goldene-fisch.de\/ping\/wp-content\/2014\/08\/claudia.jpg\",\"contentUrl\":\"http:\/\/der-goldene-fisch.de\/ping\/wp-content\/2014\/08\/claudia.jpg\"},{\"@type\":\"BreadcrumbList\",\"@id\":\"https:\/\/der-goldene-fisch.de\/ping\/claudia-gabler\/#breadcrumb\",\"itemListElement\":[{\"@type\":\"ListItem\",\"position\":1,\"name\":\"Startseite\",\"item\":\"https:\/\/der-goldene-fisch.de\/ping\/\"},{\"@type\":\"ListItem\",\"position\":2,\"name\":\"Claudia Gabler\"}]},{\"@type\":\"WebSite\",\"@id\":\"https:\/\/der-goldene-fisch.de\/ping\/#website\",\"url\":\"https:\/\/der-goldene-fisch.de\/ping\/\",\"name\":\"der goldene fisch\",\"description\":\"\",\"publisher\":{\"@id\":\"https:\/\/der-goldene-fisch.de\/ping\/#\/schema\/person\/c415140d7348926844a49b29cc105aa4\"},\"potentialAction\":[{\"@type\":\"SearchAction\",\"target\":{\"@type\":\"EntryPoint\",\"urlTemplate\":\"https:\/\/der-goldene-fisch.de\/ping\/?s={search_term_string}\"},\"query-input\":{\"@type\":\"PropertyValueSpecification\",\"valueRequired\":true,\"valueName\":\"search_term_string\"}}],\"inLanguage\":\"de\"},{\"@type\":[\"Person\",\"Organization\"],\"@id\":\"https:\/\/der-goldene-fisch.de\/ping\/#\/schema\/person\/c415140d7348926844a49b29cc105aa4\",\"name\":\"Andreas Louis Seyerlein\",\"image\":{\"@type\":\"ImageObject\",\"inLanguage\":\"de\",\"@id\":\"https:\/\/der-goldene-fisch.de\/ping\/#\/schema\/person\/image\/\",\"url\":\"https:\/\/secure.gravatar.com\/avatar\/d233a6eb5d99a83abb911b2d89ddf42e?s=96&d=mm&r=g\",\"contentUrl\":\"https:\/\/secure.gravatar.com\/avatar\/d233a6eb5d99a83abb911b2d89ddf42e?s=96&d=mm&r=g\",\"caption\":\"Andreas Louis Seyerlein\"},\"logo\":{\"@id\":\"https:\/\/der-goldene-fisch.de\/ping\/#\/schema\/person\/image\/\"},\"sameAs\":[\"http:\/\/\"]}]}<\/script>\n<!-- \/ Yoast SEO plugin. -->","yoast_head_json":{"title":"Claudia Gabler - der goldene fisch","robots":{"index":"index","follow":"follow","max-snippet":"max-snippet:-1","max-image-preview":"max-image-preview:large","max-video-preview":"max-video-preview:-1"},"canonical":"https:\/\/der-goldene-fisch.de\/ping\/claudia-gabler\/","og_locale":"de_DE","og_type":"article","og_title":"Claudia Gabler - der goldene fisch","og_description":"geboren 1970 in L\u00f6rrach, wohnt dort. Studium der Publizistik und Theaterwissenschaft in Berlin. Autorin von Lyrik, H\u00f6rspielen und St\u00fccken. Diverse Auszeichnungen, unter anderem Grimmelshausen-F\u00f6rderpreis, Literatur-Landesstipendium Baden-W\u00fcrttemberg. 2008: \u201eDIE KLEINEN RAUBTIERE UNTER IHREM PELZ\u201c (Gedichte, Rimbaud Verlag, Aachen). 2015: WOHLSTANDSHASEN (AT), (Gedichte, EDITION VOSS \/ HORLEMANN, Berlin). Zuletzt: DU, CRISIS (12 Kurzh\u00f6rspiele Deutschlandradio Kultur, 2012) und [&hellip;]","og_url":"https:\/\/der-goldene-fisch.de\/ping\/claudia-gabler\/","og_site_name":"der goldene fisch","og_image":[{"url":"http:\/\/der-goldene-fisch.de\/ping\/wp-content\/2014\/08\/claudia.jpg","type":"","width":"","height":""}],"twitter_card":"summary_large_image","schema":{"@context":"https:\/\/schema.org","@graph":[{"@type":"WebPage","@id":"https:\/\/der-goldene-fisch.de\/ping\/claudia-gabler\/","url":"https:\/\/der-goldene-fisch.de\/ping\/claudia-gabler\/","name":"Claudia Gabler - der goldene fisch","isPartOf":{"@id":"https:\/\/der-goldene-fisch.de\/ping\/#website"},"primaryImageOfPage":{"@id":"https:\/\/der-goldene-fisch.de\/ping\/claudia-gabler\/#primaryimage"},"image":{"@id":"https:\/\/der-goldene-fisch.de\/ping\/claudia-gabler\/#primaryimage"},"thumbnailUrl":"http:\/\/der-goldene-fisch.de\/ping\/wp-content\/2014\/08\/claudia.jpg","datePublished":"2014-08-13T16:19:26+00:00","dateModified":"2014-08-13T16:19:26+00:00","breadcrumb":{"@id":"https:\/\/der-goldene-fisch.de\/ping\/claudia-gabler\/#breadcrumb"},"inLanguage":"de","potentialAction":[{"@type":"ReadAction","target":["https:\/\/der-goldene-fisch.de\/ping\/claudia-gabler\/"]}]},{"@type":"ImageObject","inLanguage":"de","@id":"https:\/\/der-goldene-fisch.de\/ping\/claudia-gabler\/#primaryimage","url":"http:\/\/der-goldene-fisch.de\/ping\/wp-content\/2014\/08\/claudia.jpg","contentUrl":"http:\/\/der-goldene-fisch.de\/ping\/wp-content\/2014\/08\/claudia.jpg"},{"@type":"BreadcrumbList","@id":"https:\/\/der-goldene-fisch.de\/ping\/claudia-gabler\/#breadcrumb","itemListElement":[{"@type":"ListItem","position":1,"name":"Startseite","item":"https:\/\/der-goldene-fisch.de\/ping\/"},{"@type":"ListItem","position":2,"name":"Claudia Gabler"}]},{"@type":"WebSite","@id":"https:\/\/der-goldene-fisch.de\/ping\/#website","url":"https:\/\/der-goldene-fisch.de\/ping\/","name":"der goldene fisch","description":"","publisher":{"@id":"https:\/\/der-goldene-fisch.de\/ping\/#\/schema\/person\/c415140d7348926844a49b29cc105aa4"},"potentialAction":[{"@type":"SearchAction","target":{"@type":"EntryPoint","urlTemplate":"https:\/\/der-goldene-fisch.de\/ping\/?s={search_term_string}"},"query-input":{"@type":"PropertyValueSpecification","valueRequired":true,"valueName":"search_term_string"}}],"inLanguage":"de"},{"@type":["Person","Organization"],"@id":"https:\/\/der-goldene-fisch.de\/ping\/#\/schema\/person\/c415140d7348926844a49b29cc105aa4","name":"Andreas Louis Seyerlein","image":{"@type":"ImageObject","inLanguage":"de","@id":"https:\/\/der-goldene-fisch.de\/ping\/#\/schema\/person\/image\/","url":"https:\/\/secure.gravatar.com\/avatar\/d233a6eb5d99a83abb911b2d89ddf42e?s=96&d=mm&r=g","contentUrl":"https:\/\/secure.gravatar.com\/avatar\/d233a6eb5d99a83abb911b2d89ddf42e?s=96&d=mm&r=g","caption":"Andreas Louis Seyerlein"},"logo":{"@id":"https:\/\/der-goldene-fisch.de\/ping\/#\/schema\/person\/image\/"},"sameAs":["http:\/\/"]}]}},"jetpack_sharing_enabled":true,"jetpack_shortlink":"https:\/\/wp.me\/PxsFY-20r","_links":{"self":[{"href":"https:\/\/der-goldene-fisch.de\/ping\/wp-json\/wp\/v2\/pages\/7715","targetHints":{"allow":["GET"]}}],"collection":[{"href":"https:\/\/der-goldene-fisch.de\/ping\/wp-json\/wp\/v2\/pages"}],"about":[{"href":"https:\/\/der-goldene-fisch.de\/ping\/wp-json\/wp\/v2\/types\/page"}],"author":[{"embeddable":true,"href":"https:\/\/der-goldene-fisch.de\/ping\/wp-json\/wp\/v2\/users\/1"}],"replies":[{"embeddable":true,"href":"https:\/\/der-goldene-fisch.de\/ping\/wp-json\/wp\/v2\/comments?post=7715"}],"version-history":[{"count":0,"href":"https:\/\/der-goldene-fisch.de\/ping\/wp-json\/wp\/v2\/pages\/7715\/revisions"}],"wp:attachment":[{"href":"https:\/\/der-goldene-fisch.de\/ping\/wp-json\/wp\/v2\/media?parent=7715"}],"curies":[{"name":"wp","href":"https:\/\/api.w.org\/{rel}","templated":true}]}}